
Let z(p) = 2*p**3 + 29*p**2 - 191*p - 2087. What is z(-13)?
903
Let b(h) = -6665*h - 7764. What is b(-1)?
-1099
Let z(t) = 238749*t - 477536. Determine z(2).
-38
Let t(i) = -215*i**2 - 15189*i - 15181. What is t(-1)?
-207
Let x(t) = -10582*t + 264570. What is x(25)?
20
Let u(p) = -64*p**3 + 14255*p**2 + 3798*p - 1556. Give u(223).
5
Let m(r) = 65103*r + 65068. What is m(-1)?
-35
Let b(z) = -z**3 + 509*z**2 - 2529*z + 1287259. Give b(509).
-2
Let t(u) = -u**3 + 30*u**2 + 572*u - 627. Determine t(43).
-68
Let x(h) = 6690*h - 53103. What is x(8)?
417
Let o(p) = 65*p**3 - 2*p**2 + 84*p - 85. Determine o(1).
62
Let t(c) = 14203*c - 340869. Calculate t(24).
3
Let b(s) = 5244*s + 20805. Give b(-4).
-171
Let h(x) = -2*x**3 - 1028*x**2 + 1053*x + 11993. What is h(-515)?
148
Let w(f) = -f**2 + 174*f + 936. Determine w(-6).
-144
Let k(z) = 3228*z + 1000778. Give k(-310).
98
Let t(q) = q**2 + 4535121*q - 22675633. Give t(5).
-3
Let l(j) = -16416*j + 82083. What is l(5)?
3
Let d(n) = -2*n**2 - 180*n - 1488. Give d(-81).
-30
Let j(s) = 100*s - 18798. What is j(194)?
602
Let p(j) = 2*j**2 - 37434*j + 411515. Give p(11).
-17
Let p(g) = g**3 - 163*g**2 + 4298*g - 271. What is p(33)?
-7
Let u(q) = 3*q**3 - 95*q**2 - 27*q - 171. What is u(32)?
-11
Let o(s) = 328*s + 10909. Give o(-36).
-899
Let c(n) = 963542*n + 4817711. Give c(-5).
1
Let k(o) = -2*o**3 + 25*o**2 + 480*o + 154. Calculate k(23).
85
Let b(y) = y**3 - 17*y**2 - 626*y - 24. What is b(35)?
116
Let z(q) = -q**2 + 121*q + 564. Give z(128).
-332
Let g(y) = -50*y**2 + 911*y + 60. What is g(19)?
-681
Let z(s) = s**3 - 862*s**2 - 992*s + 111337. What is z(863)?
10
Let r(n) = -n**3 + 209*n**2 + 623*n + 2753. What is r(212)?
-3
Let r(f) = 237*f**2 + 56160*f - 1856. Calculate r(-237).
277
Let n(o) = o**2 - 7618*o - 662553. Calculate n(-86).
-9
Let n(y) = 5149*y + 92786. Determine n(-18).
104
Let r(x) = 5*x**3 - 1660*x**2 - 89*x + 29451. Calculate r(332).
-97
Let s(z) = 172*z**2 - 8*z - 37. Calculate s(-2).
667
Let l(x) = -2*x**3 + 59*x**2 - 417*x + 742. Calculate l(20).
2
Let s(b) = b**3 + 178*b**2 + 3470*b + 5929. Give s(-156).
1
Let m(l) = -l**3 + 34*l**2 - 156*l - 8489. What is m(-12)?
7
Let t(n) = -n**3 - 199*n**2 + 504*n + 60990. Determine t(-200).
190
Let w(s) = 718*s - 16319. What is w(23)?
195
Let z(x) = -22*x**2 - 13*x + 478. What is z(-5)?
-7
Let t(b) = 523*b - 17545. Determine t(38).
2329
Let r(f) = 6*f**3 - 7*f**2 + 85*f + 572. Calculate r(-6).
-1486
Let r(n) = -78*n**2 + 74*n + 75. What is r(-1)?
-77
Let y(s) = 288374*s - 2018628. What is y(7)?
-10
Let o(f) = -2*f**3 - 34*f**2 + 151*f - 8. Give o(0).
-8
Let y(b) = 146*b**2 + 3667*b + 49. Determine y(-25).
-376
Let n(x) = 3039*x + 170179. Give n(-56).
-5
Let f(x) = 5*x**2 - 542*x - 1976. Determine f(112).
40
Let r(g) = 24121*g + 410060. Calculate r(-17).
3
Let i(j) = 149*j**2 - 10579*j. Give i(71).
0
Let b(o) = -4*o**2 + 555*o + 22989. What is b(172)?
113
Let c(l) = 3*l**3 - 26*l**2 - 69*l + 667. Calculate c(14).
2837
Let j(q) = -47*q**2 + 208*q - 605. What is j(3)?
-404
Let w(t) = 12*t**2 + 4052*t + 24308. Determine w(-6).
428
Let q(x) = 3*x**3 + 1504*x**2 - 25928*x - 14509. What is q(-518)?
-5
Let w(u) = -u**3 - 7*u**2 + 325*u + 1742. Calculate w(-5).
67
Let h(v) = -v**3 + 182*v**2 + 5133*v + 8694. Determine h(207).
0
Let c(o) = 30*o**3 + 301*o**2 + 39*o + 123. What is c(-10)?
-167
Let q(h) = h**3 + 579*h**2 - 1247*h + 188. Calculate q(2).
18
Let r(i) = -124395*i + 248789. Determine r(2).
-1
Let o(x) = -5*x**2 - 10*x - 217. Determine o(28).
-4417
Let s(n) = -2*n**3 + 10*n**2 + 148*n - 34. Give s(10).
446
Let b(v) = -4*v**2 + 20042*v + 120377. What is b(-6)?
-19
Let m(o) = -o**2 + 2128*o - 438205. Give m(231).
2
Let v(t) = 177362*t + 1241525. Determine v(-7).
-9
Let t(w) = -11*w - 6647. Give t(-616).
129
Let s(o) = o**2 + 332*o - 5026. What is s(18)?
1274
Let b(o) = 73*o + 6656. What is b(-98)?
-498
Let l(k) = -7*k**2 - 5373*k + 64412. What is l(12)?
-1072
Let z(i) = -2289*i - 86196. Calculate z(-38).
786
Let l(g) = -387*g + 1333. Determine l(3).
172
Let n(l) = -1961*l**2 - 531432*l - 275. Determine n(-271).
-4
Let c(b) = -1232*b - 66917. Give c(-55).
843
Let y(n) = n**3 - 29*n**2 + 238*n - 36. Calculate y(14).
356
Let r(i) = i**3 - 24*i**2 - 1797*i - 4793. Determine r(57).
-5
Let k(x) = 8272*x - 385. Calculate k(0).
-385
Let k(x) = -2*x**2 - 76*x + 756. What is k(11)?
-322
Let j(z) = 34713*z - 555374. Give j(16).
34
Let d(u) = 446*u + 21464. Give d(-47).
502
Let k(f) = 3*f**2 - 58*f - 293. What is k(12)?
-557
Let w(x) = x**3 - 128*x**2 - 1674*x - 116. Determine w(140).
724
Let o(w) = 2*w**3 - 703*w**2 - 1778*w + 2699. Give o(354).
-133
Let y(k) = 3*k**2 - 293*k - 1825. Give y(-6).
41
Let h(c) = 2019*c - 228079. What is h(113)?
68
Let a(m) = 1643*m + 1211. Determine a(-1).
-432
Let t(d) = -8*d**3 - 85*d**2 + 103*d - 354. What is t(-12)?
-6
Let p(t) = -14*t**2 - t + 1138. Give p(-9).
13
Let a(j) = 2*j**2 + 1165*j - 10. Determine a(0).
-10
Let i(m) = m**3 - 236*m**2 - 713*m - 1033. Give i(239).
-77
Let a(n) = 44*n**2 - 252*n - 367. Determine a(7).
25
Let u(r) = 436138*r + 872462. Calculate u(-2).
186
Let v(x) = x**2 + 210*x - 956. Determine v(0).
-956
Let z(t) = 992*t - 6352. What is z(7)?
592
Let u(y) = -2*y**3 + 13*y**2 - 3*y + 10. Calculate u(8).
-206
Let s(j) = 13067*j - 182935. What is s(14)?
3
Let y(z) = 2*z**2 - 4115*z - 74638. Calculate y(-18).
80
Let k(r) = -16*r**2 - 673*r - 6074. What is k(-13)?
-29
Let w(h) = -29*h**2 - 495*h + 257050. Determine w(86).
-4
Let p(d) = -22*d**2 - 1951*d - 10909. Determine p(-6).
5
Let d(g) = 50*g + 3441. Calculate d(-100).
-1559
Let l(v) = -69*v - 7223. Give l(-103).
-116
Let y(c) = 2*c**2 + 29463*c - 265352. Determine y(9).
-23
Let m(q) = -q**3 - 27*q**2 - 51*q + 486. Give m(-24).
-18
Let d(o) = 173*o + 3871. Give d(-40).
-3049
Let i(k) = -58*k**2 + 4*k - 2169. What is i(0)?
-2169
Let f(c) = -2*c**3 + 189*c**2 + 4438*c + 918. What is f(114)?
6
Let m(l) = l**2 + 2198*l + 1050221. Calculate m(-702).
29
Let u(t) = -t**2 - 1324*t + 24198. Determine u(18).
42
Let w(v) = 5607*v + 173807. Give w(-31).
-10
Let q(a) = 7*a**2 - 4956*a - 231623. What is q(752)?
-7
Let w(a) = 11*a**2 + 1160*a + 11360. Calculate w(-10).
860
Let z(m) = 61*m**2 + 1481*m - 39304. What is z(16)?
8
Let o(x) = x**3 + 27*x**2 + 257*x + 7866. Determine o(-28).
-114
Let w(f) = 8*f**2 + 8643*f + 197690. Give w(-1057).
31
Let q(h) = -3*h**3 - 100*h**2 - 813*h + 2. Determine q(-14).
16
Let k(t) = 2287*t + 25413. Determine k(-11).
256
Let y(l) = -5139*l + 51232. Determine y(10).
-158
Let t(c) = c**2 - 295*c + 20548. What is t(180)?
-152
Let w(l) = 11727*l - 2450943. Calculate w(209).
0
Let h(x) = -x**3 + 164*x**2 - 4125*x + 260. Give h(133).
-6
Let g(v) = -7515*v + 4892271. Determine g(651).
6
Let s(n) = 7*n**3 - 23*n**2 - 63*n + 95. What is s(-4)?
-469
Let m(l) = 56*l**2 - 6445*l + 588. Calculate m(115).
13
Let s(p) = 80245*p - 320999. Determine s(4).
-19
Let k(d) = -9*d**3 + 730*d**2 - 81*d - 119. Determine k(81).
-119
Let z(t) = -t**3 + 96*t**2 + 7670*t + 3859. Determine z(148).
11
Let d(p) = 304*p + 54587. What is d(-178)?
475
Let h(w) = -27019*w + 1459032. Give h(54).
6
Let z(y) = 7*y**2 + 4134*y - 18392. What is z(-595)?
53
Let d(l) = 4052*l**3 - 44582*l**2 + 104*l + 57. Calculate d(11).
-9
Let h(k) = 8837*k - 35490. Determine h(4).
-142
Let v(q) = 3872*q - 7687. Give v(2).
57
Let m(u) = 26839*u + 214698. What is m(-8)?
-14
Let z(n) = -n**3 + 89*n**2 - 926*n + 8. Calculate z(12).
-16
Let n(r) = -44*r**2 - 1859*r + 14. What is n(-41)?
2269
Let p(b) = -1825*b - 16873. What is p(-9)?
-448
Let x(t) = -2*t**2 + 2192*t + 1702059. Give x(-525).
9
Let l(b) = -b**3 + 20*b**2 + 996*b + 158. Calculate l(-23).
-3
Let n(w) = -6*w**2 + 3332*w + 26643. Calculate n(-8).
-397
Let j(v) = 11974*v - 179012. Determine j(15).
598
Let i(y) = 1130*y + 320230. Give i(-283).
440
Let o(t) = -2*t**3 - 107*t**2 - 80*t - 7234. What is o(-54)?
2
Let h(p) = -5*p**2 + 237*p - 1915. Determine h(8).
-339
Let y(o) = 42*o**3 - 2*o**2 + 57*o - 11. Determine y(4).
2873
Let z(y) = y**3 + 176*y**2 - 2486*y - 5492. Determine z(-189).
-11
Let f(s) = s**3 + 172*s**2 - 102*s - 6. Calculate f(0).
-6
Let r(f) = -f**3 - 10*f**2 + 5741*f + 51753. Calculate r(-9).
3
Let m(p) = -15*p**